is divided by (-2 - (-4 + d))*11.
20
Let g = -3 + 7. Suppose -37 - 23 = -g*o. What is the remainder when 59 is divided by o?
14
Let s(c) = -3*c + 7. Calculate the remainder when -24*6*2/(-8) is divided by s(-4).
17
Let o = 62 + -26. Let h = 16 + o. Let a(y) = y**2 + 2*y + 3. What is the remainder when h is divided by a(3)?
16
Suppose 291*j - 240 = 286*j. What is the remainder when j is divided by 13?
9
Let a be (-11)/(-22) - (-35)/2. Suppose 0 = a*i - 16*i - 24. Calculate the remainder when 34 is divided by i.
10
Let s(k) = -k**3 - 3*k**2 - 3*k - 1. What is the remainder when s(-3) is divided by 5?
3
Suppose 102 = 2*n + 14. What is the remainder when n is divided by 9?
8
What is the remainder when (-10 + -1)/(1/(-4)) is divided by 12?
8
Suppose -6 = -3*k + 48. Suppose -3*x + 5 + 4 = 4*w, -5*x - w = -32. Calculate the remainder when k is divided by x.
4
Let s(d) = 8*d + 2. Suppose -5*j - 13 = -38. Calculate the remainder when s(j) is divided by 11.
9
Calculate the remainder when 110 is divided by (7/21)/(2/168).
26
Let o be 6/(-4)*(-3 - 3). Let p = o + -4. What is the remainder when p is divided by 2?
1
What is the remainder when 13 is divided by (-24)/2*2/(-3)?
5
Let j(p) = 4*p**2 - 6*p + 6. Calculate the remainder when 93 is divided by j(3).
21
Suppose -7*d + 2*d + 40 = 0. Let p be (-3)/(-2)*d/(-3). What is the remainder when (-2)/p*2 - -13 is divided by 8?
6
Calculate the remainder when (-286)/(-44) + 3/(-2) + 15 is divided by (1 - 2)/((-1)/11).
9
What is the remainder when 12 is divided by 11 + (-12)/9*3?
5
Let n = -28 + 59. Let i = 7 - 2. Suppose -3*b + 28 = 2*h + 3*h, -i*h - 68 = -3*b. What is the remainder when n is divided by b?
15
Calculate the remainder when 90 is divided by 2/(2/(-3)) + 26.
21
Let l(y) = y**3 - y**2 + 2*y + 1. What is the remainder when -1*((-26)/1 + 2) is divided by l(2)?
6
Suppose 0*p = 3*p - 30. What is the remainder when 26 is divided by 56/(-6)*(-15)/p?
12
Suppose 5*t = 2*t - 15. Let q(i) = -8*i**2 + 2*i - 2. Let a(v) = -7*v**2 + v - 2. Let x(p) = -7*a(p) + 6*q(p). What is the remainder when x(t) is divided by 2?
0
Let m = 1 + 0. What is the remainder when 2*(-1 + 3/m) is divided by (-4)/(-7) + 68/28?
1
Let c(g) = g**2 - 3*g. Let a be c(5). Let t = 17 - a. What is the remainder when 19 is divided by t?
5
Suppose 0 = 2*n - 0*m - 3*m - 31, -4*n - 4*m + 12 = 0. Suppose -5*x + 2*t = -2*t - 24, -x + n = -4*t. Calculate the remainder when x is divided by 3.
1
Let h be (0 + 2)*(-2)/4. Let x = -22 - -35. What is the remainder when 70/(1 - h) + 2 is divided by x?
11
Let h = 16 - 1. Let d = -40 + 67. Calculate the remainder when d is divided by h.
12
Calculate the remainder when (-5)/((-10)/(-4))*-1 is divided by 2.
0
Let k(v) = -6*v - 4. Calculate the remainder when 15 is divided by k(-2).
7
Suppose 60 = 7*p - 2*p. What is the remainder when 23 is divided by p?
11
Let j(i) = -i**2 - 1 + i + 8*i - 2*i - i. Let p be j(6). What is the remainder when (6 - p)*(6 + -1) is divided by 12?
11
Let y(h) = h**3 + h**2 - h + 1. Let f be y(-2). What is the remainder when 1/(0 + 2/38) is divided by ((-21)/6)/(f/2)?
5
Let m = -13 - -35. Let j = 17 + -9. Calculate the remainder when m is divided by j.
6
Let f = -2 - -6. Suppose -28 = -f*v - 0*v. What is the remainder when 12 is divided by v?
5
Suppose 3*q + 67 + 109 = 2*p, 3*p - q = 271. Suppose -4*r + 98 = -3*t, r = -3*r - t + 90. Calculate the remainder when p is divided by r.
22
Suppose -u = 2*y + 3, u + 5*y + 32 = 2*u. What is the remainder when 44 is divided by u?
2
Suppose 2*q = -3*u + 225, -5*q = -4*u + u + 204. Let y = 130 - u. What is the remainder when y is divided by 15?
12
Let j = -2 - -39. What is the remainder when j is divided by 11?
4
Suppose 145 = 11*z - 6*z. Calculate the remainder when z is divided by (8/(-5))/(-2)*20.
13
Let c(p) = 2*p**3 - 3*p**2 + p - 14. What is the remainder when 27 is divided by c(3)?
11
Let m(s) be the second derivative of -s**3/6 + 5*s**2 + 2*s. Let n be m(6). Suppose -n*j + 9*j = 230. What is the remainder when j is divided by 16?
14
Suppose -2*q + 5 = 1. Suppose -6*t + 2*t = q*g - 36, 60 = 4*t - 4*g. Calculate the remainder when t is divided by 4.
3
Let j be (-825)/(-12) + 2/8. Let b = j - 13. Suppose 4*h - b = -0*h. Calculate the remainder when 27 is divided by h.
13
Let b be (-2)/6 + (-212)/(-6). Calculate the remainder when (1*2)/(2/b) is divided by 18.
17
Let y be 2/(339/(-345) - -1). Suppose 4*a + a + 45 = q, 5*q - y = 3*a. Suppose -u = u - q. What is the remainder when 18 is divided by u?
8
Let g(q) = -3*q + 7. Let t = 67 + -52. Calculate the remainder when g(-7) is divided by t.
13
Suppose w + w - 51 = -3*v, -4*v = 5*w - 117. Suppose 0 = -5*b - 3 - 7. Let d = 9 - b. What is the remainder when w is divided by d?
10
Let v(h) = -6*h + 7. Suppose -5*z + 63 + 38 = -4*t, -5*t = -2*z + 54. What is the remainder when v(-7) is divided by z?
15
Let u(h) = 5*h - 4. Let f(j) = -j + 2. Let z be f(4). Let s = 6 + z. What is the remainder when u(s) is divided by 6?
4
Let h(v) = -v**3 + 6*v**2 - 3*v. Let c(n) = 3*n**2 - 3*n + 1. Calculate the remainder when c(3) is divided by h(2).
9
Suppose 5*y - 15 = 0, 5*f - f - 327 = 3*y. What is the remainder when f is divided by 29?
26
Let y(g) = g**2 - 4*g - 3. Let k = 7 + -9. Calculate the remainder when y(k) is divided by 3.
0
Let w(n) = n**3 + 7*n**2 - 7*n - 5. Let k be w(-7). Suppose 5*b = 3*b + k. Let l = 38 - b. What is the remainder when 31 is divided by l?
15
Let s be 1 + 0/(-3) - -2. What is the remainder when ((-41)/(-3) - 1)*s is divided by 13?
12
Suppose -226 = -3*p + 2*h, p - 4*h = 93 - 11. Calculate the remainder when p is divided by 26.
22
Let s(z) = 2*z**2 + 1. What is the remainder when 9 is divided by s(1)?
0
What is the remainder when 27 is divided by -1 + -3 + 5 + (-39)/(-3)?
13
Let v be ((-35)/(-21))/(2/(-6)). What is the remainder when 1572/30 - 3/v is divided by 18?
17
Let p = 9 - 8. Let j = p - -35. Calculate the remainder when j is divided by 13.
10
Suppose 2*r + r = 159. Calculate the remainder when 209 is divided by r.
50
Let x = 19 - 12. Suppose 3*d + x + 2 = 0. Let a(k) = -k**3 - k**2 + k + 3. Calculate the remainder when a(d) is divided by 10.
8
Suppose 18 = t - 6*t + 2*f, -t + 2*f - 10 = 0. Let z(u) = -u**3 - 2*u**2 - u. Let x = 530 - 526. Calculate the remainder when x is divided by z(t).
0
Let c be (-15)/(-12) - 1/4. Let i be (-8 - -1) + c/1. Let s(u) = -u**2 - 8*u - 2. Calculate the remainder when 28 is divided by s(i).
8
Let j = -47 - -117. What is the remainder when j is divided by 19?
13
Let m(j) = -12*j - 2. Calculate the remainder when 87 is divided by m(-2).
21
Suppose -w = -0*w + 1. Let o(x) = 18*x**2 + 2*x + 1. Suppose 12 = 4*q, 0 = -s + 3*q - 2*q + 30. What is the remainder when s is divided by o(w)?
16
Suppose b - 720 = -2*b. Suppose 5*i - 2*u + 0*u = b, -3*u = -3*i + 153. Suppose -80 = -8*y + 3*y. Calculate the remainder when i is divided by y.
14
Let d(w) = w**2 + 2. Let r = -69 - -101. Calculate the remainder when r is divided by d(-3).
10
Suppose -10*z + 3*z = -35. What is the remainder when z is divided by 2?
1
Let m(i) = 49*i**2 - 3*i - 2. Let w = 43 + -30. What is the remainder when m(-1) is divided by w?
11
Suppose 4*d - 72 = -5*z, -3*d + 8*d = -z + 69. What is the remainder when 25 + 0/(2 - 1) is divided by d?
12
Suppose 3*y + 3 = 4*y. What is the remainder when (-6)/(-4)*32/6 is divided by y?
2
Suppose -3*h + 0 = -4*p + 14, h + 8 = -2*p. Let l = h - -11. Let m(n) = 8*n - 3. Calculate the remainder when m(2) is divided by l.
3
Calculate the remainder when 13 is divided by (-2 + (-12)/(-1))*(-24)/(-60).
1
Suppose -12 = -4*d + 4*r, 3*d + 0*r = 2*r + 11. Suppose -61 = -4*i - 3*o, 2*o - 124 = -5*i - 39. What is the remainder when i is divided by d?
4
Suppose 2*u - 49 = 7. Let h = u - 10. What is the remainder when 34 is divided by h?
16
Suppose -11 = -5*l + 14. Let w = l - 0. Calculate the remainder when 9 is divided by w.
4
Let x(r) = -r**3 - 7*r**2 - 3*r - 7. Let b = -6 + 10. Let t(z) = z**2 - 4*z + 5. Calculate the remainder when x(-7) is divided by t(b).
4
Let k = 132 + -60. Let n = -411 + 426. Calculate the remainder when k is divided by n.
12
Calculate the remainder when 27 is divided by 384/28 + 4/14.
13
Let w = 54 + -16. Let k(g) = g**3 - 8*g**2 + g 